)/(-2)*10 + -1. Suppose -p - y*p = 10, h = -4*p + 10. What is the remainder when 68 is divided by h?
14
Let x be (9/(-3))/3 + 4. Calculate the remainder when (-2 + 1)/(x/(-27)) is divided by 6.
3
Let y be 2 - (6 - 1) - 0. Let f be 20/3 + 2/y. Suppose -k = -5 - f. Calculate the remainder when k is divided by 6.
5
What is the remainder when 239 is divided by (-12749)/(-305) + 4/(-5)?
34
Suppose 3*b - 17 = -4*s + 51, -b + 20 = 2*s. Let y = 150 - 40. What is the remainder when y is divided by b?
26
Let k = 8 + -4. Suppose k*h - 82 = 3*c, 0 = 5*h - 0*h + 5*c - 120. Calculate the remainder when 195 is divided by h.
19
Suppose 0 = -b + 2*b - 17. Let m(s) = -s**2 + s + 3. Let k be m(2). Let j(l) = 67*l**3 - 2*l**2 + 3*l - 1. What is the remainder when j(k) is divided by b?
16
Suppose -4*z + 2*z - 4*v + 120 = 0, -4*z = v - 240. Calculate the remainder when z is divided by 18.
6
What is the remainder when 28 is divided by (-3*7/(-2))/(6/8)?
0
Let c(j) = -27*j + 2. Let i = -22 + 37. Calculate the remainder when c(-1) is divided by i.
14
Let r = 50 - 171. Let p = 209 + r. Let i(x) = x**3 + 2*x**2 + x. What is the remainder when p is divided by i(2)?
16
Suppose 6*y + 8 = 2. Calculate the remainder when 43 - (y + 1) - 2 is divided by 11.
8
Suppose -3*m = 4*u - 5 - 21, 8 = 4*m. Calculate the remainder when 1080/78 - 4/(-26) is divided by u.
4
Let i = -2934 - -3003. Calculate the remainder when i is divided by 7.
6
Suppose 3*k = -26 + 14. Calculate the remainder when k/10 - 176*4/(-10) is divided by 15.
10
Suppose 32 = 5*m - 33. Let c = -19 - -23. Suppose -3*r = r + 3*j - 138, r - c*j = 44. What is the remainder when r is divided by m?
10
Let p be (-3 + 5)*4*9/24. Suppose -7*s + 122 = -2*s - p*w, -4*s + w + 99 = 0. Calculate the remainder when 98 is divided by s.
23
Let s(p) = -20*p + 53. Let a(j) = -j + 1. Let k(r) = 6*a(r) - s(r). Calculate the remainder when k(6) is divided by 19.
18
Suppose -2*t - 28 = -2*d, 0*t - 2*t + 4*d = 22. Let s = 29 + t. Let g = 154 + -109. What is the remainder when g is divided by s?
9
Let b(h) = -h**3 + 22*h**2 - 23*h + 46. Suppose -4*y + 0*y - 116 = 0. Let d = 42 + y. Calculate the remainder when d is divided by b(21).
1
Suppose n + 5 = -2*n - 4*l, 3*n - 5*l + 14 = 0. Calculate the remainder when (-14 + 17)*n/(1 + -2) is divided by 9.
0
Let m = 4 - -67. What is the remainder when m is divided by (74/3)/((-9)/(54/(-4)))?
34
Let p(d) be the third derivative of d**6/120 + d**5/12 + d**4/12 + d**3/3 + 2*d**2. Calculate the remainder when (-45 - -8)*(7 + -8) is divided by p(-4).
7
Let x be 2 + ((-2)/6)/(2/(-6)). Suppose q - 39 = 5*a, -5*q + 55 = x*a - 0*a. Calculate the remainder when 38 is divided by q.
10
Let n = -83 - -38. Let m = -24 - n. What is the remainder when 82 is divided by m?
19
Let a = 25 - 12. Let t = 2 + a. Suppose -5*l + 82 = -213. Calculate the remainder when l is divided by t.
14
Suppose 2*r = -4*g + 324, 0*g - 158 = -r - 4*g. What is the remainder when r is divided by 12?
10
Let z = -254 - -295. Calculate the remainder when 120 is divided by z.
38
Suppose w - 59 = -5*u, -5 = -2*u + 5. Calculate the remainder when w is divided by (-2358)/(-117) + (-2)/13.
14
Let h = -14 + 19. Suppose 0 = -3*f - 3*j + 36, -4*f - h*j + 3*j + 48 = 0. What is the remainder when 19 is divided by f?
7
Let i = 39 + -23. Suppose -13*z - i = -15*z. What is the remainder when 79 is divided by z?
7
Let n(x) = 2*x**2 + 1. Let b be n(1). Suppose -2*q + 15 = b*t, 5*q - 7*t = -9*t + 43. What is the remainder when 69 is divided by q?
6
Let m = -47 + 47. Suppose 0 = 4*s - 8, 4*s = -4*x - m*s + 28. Calculate the remainder when 19 is divided by x.
4
Let o = 29 - 4. Suppose 0 = -30*x + 585 + 2325. Calculate the remainder when x is divided by o.
22
Let w be (1 - 1) + 4/(-1). Let t(g) = -g + 5. Let j(v) = 13*v**2 + 6*v + 4. What is the remainder when j(-2) is divided by t(w)?
8
Let d(r) be the first derivative of r**4/2 - r**3 + r**2 + 2*r - 40. Suppose 4*f - 7 - 1 = 0. What is the remainder when 29 is divided by d(f)?
9
Let z(a) be the first derivative of a**2/2 - 2*a - 3. Calculate the remainder when 13 is divided by z(6).
1
Let g(d) = d**3 - 5*d**2. Let j be g(5). Suppose 3*w = -j*m - m - 2, -5*m = -3*w - 8. Let v(r) = -4*r - 2. What is the remainder when v(w) is divided by 2?
0
Suppose 32 = k - 19. Suppose 11*z + 8*z - 285 = 0. Suppose -z*r + 533 - 143 = 0. Calculate the remainder when k is divided by r.
25
Suppose -8*a - 32 = -72. Calculate the remainder when 107 is divided by a.
2
Let t = -18 - -10. What is the remainder when 18 is divided by -1*14*t/16?
4
Let v = 257 + 53. What is the remainder when v is divided by 26?
24
Suppose 55*m = 42*m + 1014. What is the remainder when 383 is divided by m?
71
Let t = 46 + 71. Calculate the remainder when t is divided by 31.
24
Let u(g) = 87*g**2 + 2. Calculate the remainder when u(-1) is divided by 7.
5
Calculate the remainder when 9/6*-4 + 220 is divided by 27.
25
Suppose -w + 4 = -4. Let x = w + -4. Suppose -s + 3 = -7. Calculate the remainder when s is divided by x.
2
Suppose 0 = 2*h + 2*s + 24, 5*h - h - 5*s = -39. What is the remainder when (-5 - (7 + 342/(-27)))*42 is divided by h/(-1 + 0) + -1?
8
Let k be (1 + -2)*(-1 + -4). Suppose -50 = -k*d - 0*d. Suppose -2*t - 1 + 13 = 0. Calculate the remainder when d is divided by t.
4
Suppose -1679 = -4*w + 1337. Let p be w/195 + 4/30. Suppose 34 = p*b - 22. What is the remainder when 41 is divided by b?
13
Suppose -3 = 3*q - 24. Let o be (9/(-8)*-2)/(11/44). Let y(v) = v**3 - 8*v**2 - 6*v - 22. What is the remainder when q is divided by y(o)?
2
Let s(l) = -l**3 + 4*l**2 + 7*l - 2. Let b be s(5). Let f = b + -2. Calculate the remainder when 2/f - 231/(-9) is divided by 7.
5
Suppose -f = -3*r + 39, r - 6*f = -3*f + 13. Let a = 1 - -3. What is the remainder when r is divided by a?
1
Let b(a) = 47*a**2 - 3*a + 1. Let i(w) = w**3 + 17*w**2 + 1. Let m be i(-17). Calculate the remainder when b(m) is divided by 1*-4*1*-4.
13
Suppose p - 19 = -2*z, -p - 2*p = 3*z - 30. Let d be -1 + 3/(9/156). Let g = d + -25. Calculate the remainder when g is divided by z.
8
Let f(y) be the second derivative of y**4/12 + 19*y**3/6 - 2*y**2 + 36*y. What is the remainder when 46 is divided by f(-20)?
14
Let k(y) = -34*y + 382. What is the remainder when k(0) is divided by 35?
32
Let d = 83 + -76. What is the remainder when 208 is divided by (-35)/2*(d + -6)*-2?
33
Suppose 3*c + j - 97 = 0, -2*j + 5*j = -15. What is the remainder when 135 is divided by c?
33
Suppose -2818 - 380 = -26*n. What is the remainder when n is divided by 33?
24
Suppose -29 = -2*s - v, -2*v + 28 = -s + 3*s. What is the remainder when 29 is divided by s?
14
Let n(m) = -m**3 - m**2 + 2*m + 1. Let f be n(-2). Let h = 2 + f. Suppose 0 = h*r - 27 - 9. Calculate the remainder when r is divided by 5.
2
Let y = -21 - -23. Let p be 432/80 + y/(-5). Suppose -c + 6 = l, 4*c + p*l = 2*c - 3. What is the remainder when 18 is divided by c?
7
Let o = -11 - -23. Let q(u) = u**2 - 13*u + 19. Calculate the remainder when 12 is divided by q(o).
5
Calculate the remainder when 483538/868 - ((-6)/(-28))/3 is divided by 35.
32
Suppose -3*r = -6, -4*k - 3*r + 38 = -0*r. Let i(s) = 2*s - 3. Let j(d) = -d - 1. Calculate the remainder when i(k) is divided by j(-5).
1
Let x(g) = 11*g - 8. Let j(y) = 118*y - 108. What is the remainder when x(7) is divided by j(1)?
9
Suppose -2*n + 3*h = 60, -2*n = -n - 4*h + 25. Let g = n + 86. Calculate the remainder when g is divided by 11.
9
Suppose 0 = 4*q - 19 + 3. Suppose 0 = r - 1 - q. Suppose 4 + 13 = 4*c + t, 0 = -2*c + 5*t - 19. Calculate the remainder when r is divided by c.
2
Let r = -414 - -641. What is the remainder when r is divided by 76?
75
Let j = -36 - -40. Suppose 5*t - j*b = -10, -5*b + 4*b = 4*t - 13. Calculate the remainder when 9 is divided by t.
1
Suppose -2*g - 45 = g. Let v = 30 + g. Let i = -44 - -87. What is the remainder when i is divided by v?
13
Suppose 2*c + 5*a - 95 = 0, 5*c + 4*a - 46 - 200 = 0. Calculate the remainder when 63 is divided by c.
13
Suppose 2*i + 4*y - 680 = 8*y, 4*i = -y + 1333. Calculate the remainder when i is divided by 48.
46
Suppose -7*u - 4 = -130. Let m = 103 - 69. What is the remainder when m is divided by u?
16
Suppose 3*z - 27 = 18. Suppose